
False
Suppose -4*k - 3*w + 769993 = -4*w, -4*k + 769978 = 2*w. Is k a composite number?
False
Suppose -5*z - 26*c + 12183 = -27*c, 3*c + 9742 = 4*z. Is z a composite number?
False
Suppose -134*u = -130*u - 20. Suppose -u*a - 2*r = -1905, -3*a + 2*r - 5*r = -1143. Is a composite?
True
Let d(f) = 12437*f - 1725. Is d(8) a composite number?
False
Suppose 0 = -122*w + 124*w - 4. Suppose -4*s = p - 437, -3*s = -4*p + w*s + 1811. Is p a prime number?
True
Suppose -47*v - 299*v + 63154465 + 129855061 = 0. Is v prime?
True
Suppose -28 = -4*o - 4*s, o - 3*s + 5 = -0*o. Suppose o*g - 582 = 3*y, -3*y - y - 8 = 0. Let l = g - -158. Is l composite?
True
Let s(t) = -153*t**3 - 11*t**2 + 35*t + 1. Is s(-8) a prime number?
False
Suppose -4*u - 287 = 85. Suppose 0 = -3*t - 2*s + 1032, -36*t = -35*t - s - 344. Let j = t - u. Is j prime?
False
Let p = 590 - 593. Is ((-14)/(-3) - (8 + p))*-82371 prime?
True
Let o = -52384 + 107675. Is o prime?
True
Let f(x) = 158*x**2 - 7*x + 2. Let m be f(1). Suppose -2*c + 70 = -6. Let o = c + m. Is o a composite number?
False
Suppose 4*q + 2*s - 2142 = 0, -q + 179 + 353 = -3*s. Let w = -83 + q. Suppose -2*k = -2*l - 5*k + 901, l = -3*k + w. Is l a prime number?
True
Let a = 40681 + 140574. Is a a composite number?
True
Let s(u) = -u + 17. Let i be s(15). Is (6074/4)/(i/4) a prime number?
True
Suppose 3 = 6*g - 3*g. Let k(n) be the third derivative of 83*n**5/60 - n**4/24 + n**3/6 + 264*n**2 + 2. Is k(g) composite?
False
Let o(b) = -57*b + 8. Let r(f) = f**3 + f**2 + 2. Suppose 0*q - 10 = 2*q - 2*p, 0 = -4*q - 4*p + 4. Let i be r(q). Is o(i) prime?
False
Suppose 0 = -9*c - 3*c - 120. Let t = c - -7. Let g(j) = -15*j + 10. Is g(t) a composite number?
True
Let s be 1002/42 + 3/21 - -2. Suppose 4666 = -24*y + s*y. Is y prime?
True
Let q = 1303 + -2261. Let v = q - -2805. Is v a prime number?
True
Suppose -876*o + 896*o - 259100 = 0. Is o prime?
False
Suppose 0 = 221*q - 342*q - 278*q + 768873. Is q a prime number?
False
Is (4 - (-1945310)/30)/(3/9) a composite number?
False
Let o be (8/(-6))/(6/(-1152)). Let m be o + -4 + 13 + -4. Let q = m + 812. Is q composite?
True
Let g(b) = -262*b**3 + 2*b**2 + 8*b + 13. Let u(v) = 3*v - 44. Let r be u(14). Is g(r) prime?
False
Suppose 0 = 2*c - 114 + 132. Is 11740/4 + 1 - c/3 a composite number?
False
Suppose 3*u + 6 = 0, -u = 5*n + u - 9006. Let l = n + -1059. Is l composite?
False
Let z = -48 + 50. Let t be 11 - 8 - (-4 + z). Suppose -7668 = -4*c + 4*y, -3*y = -t*y - 4. Is c a composite number?
True
Let d(f) = 425*f**2 + 6*f + 81. Is d(10) composite?
False
Is (-538097)/(-2)*(-114)/(-1083) + (-6)/(-57) a composite number?
True
Suppose w + w = x + 3, -4*w + 9 = x. Let a be (24 - 10) + 3/x. Suppose -14*f = -a*f + 5511. Is f a composite number?
True
Suppose 2*u + 10*u - 840 = 0. Suppose 3*i = -2*k + i + u, i = 1. Is k composite?
True
Let j = 447162 + -220633. Is j prime?
False
Let q(t) = -t + 7. Let l be q(11). Let j(m) = -134*m**2 - 14*m - 9. Let b(y) = -45*y**2 - 5*y - 3. Let n(w) = l*j(w) + 11*b(w). Is n(-4) a prime number?
False
Let t = 418256 - 163767. Is t a prime number?
True
Suppose 0 = 28*f - 378794 - 429762. Is f prime?
False
Let t = -493 - -971. Let l be (2 - 0/1) + 36 + -31. Let i = t + l. Is i composite?
True
Let t = -645050 + 1356901. Is t a prime number?
False
Suppose -3*z + 2 = -2*z. Let c(s) = 3*s**3 + 11*s**2 - 5*s + 14. Let u(h) = 16*h**3 + 54*h**2 - 24*h + 70. Let w(i) = z*u(i) - 11*c(i). Is w(-15) composite?
False
Let f(o) = 1170*o**2 - 185*o - 236. Is f(39) prime?
True
Let g = 20570 - 32193. Let r = -8142 - g. Is r a prime number?
False
Let a = 3090 - -50911. Is a a composite number?
False
Let o be 6*95/90 - 1/3. Suppose 0 = 3*l + o, -f + 5106 + 20043 = -l. Is f a composite number?
False
Let t be (16 - 2195676)/(1 + 0/2). Is (-4)/14 - (t/(-35))/(-4) prime?
True
Let f = -173 + 161. Is 7287*-1*4/f a composite number?
True
Suppose 53*h + 40*h - 8684690 = 23*h. Is h prime?
True
Is 62/6 - 30/3 - (-3934419)/9 a composite number?
True
Let a = 200600 - 418387. Is (a/68)/(1/(-4)) prime?
False
Let b = 198969 - 38142. Is b a prime number?
False
Let v = 61 + -59. Let r be 1046 + -1 + (0 - v). Suppose 109 = -2*h + r. Is h prime?
True
Suppose 4028976 = 38*l + 1062050. Is l prime?
False
Let p(d) = 2350*d - 811. Is p(120) composite?
False
Suppose 4*x = 8*z - 12*z + 28160, 4*x - 4*z - 28152 = 0. Is x a composite number?
False
Let m(z) = 31102*z**2 + 25*z + 5. Is m(-2) prime?
True
Is 29483/((-5)/(-10)*2) a composite number?
False
Suppose 500*z = 501*z + 12. Is ((-504210)/(-8))/5 + 3/z a prime number?
False
Let n(j) = -1605*j - 158. Is n(-20) a composite number?
True
Let d = -2628 - 49845. Let s = 83968 + d. Is s a prime number?
False
Suppose 171*x - 187*x = -2590480. Is x a composite number?
True
Suppose 4*g + 0*g + 44 = r, 0 = 3*g + r + 33. Let z be g + 5 + 2*-1. Is (-1)/(-8) - 2671/z a prime number?
False
Let s(g) = g**2 + 42*g - 230. Let f be s(-47). Suppose -4*x - 2*j + 5439 = 3*j, -f*x = 5*j - 6800. Is x composite?
False
Suppose 3*h + 17 + 19 = 0. Let t be (-3 - -1)/(2/h). Is (-6)/4*((-1628)/t + 1) composite?
True
Suppose 4*t - 8*t + 4*v = -17060, 3*v - 15 = 0. Let f = t + 1143. Suppose p + 4*y = 1649, -4*p - 2*y + f = -1141. Is p a prime number?
True
Suppose -452*f = -504*f + 22104836. Is f prime?
False
Let n = 139624 + 114625. Is n a prime number?
True
Let x(a) = 2 - 23*a - 5 + 21*a - 3*a**2 + a**2 + a**3. Let v be x(-3). Is (-4389)/(-12) - (v/(-8))/7 a prime number?
False
Is ((14/14)/((-20)/11332))/((-12)/9780) a composite number?
True
Let z be ((-5)/(20/8))/((-2)/7). Suppose r + z = 2*l - 5, -r - 2*l = -4. Is 176/11 - (-6)/r*-2 composite?
False
Is (-4)/7 + (-4797591)/(-651) a prime number?
True
Let c(y) = 836*y**2 - 3*y + 16. Let k be c(-4). Suppose 3752 + k = 4*m. Is m a prime number?
True
Let r(o) = 21207*o - 1942. Is r(23) prime?
True
Let x(h) = h**2 + 38*h + 53. Let i be x(26). Suppose 0 = -17*u + i + 204. Is u a composite number?
False
Is -13 - 1383*(-3520)/30 composite?
True
Is 285043/22 - 20 - (-1)/((-8)/(-4)) composite?
True
Let b(h) = 15*h - 8. Let g = 41 - 38. Let s be -8*(g + 13/(-4)). Is b(s) composite?
True
Suppose -o + 3*h - 204420 = 0, 4*h - 517434 - 95851 = 3*o. Is (7 + o/27)*(-6)/4 composite?
True
Is (-4)/30 - (7376335/(-75))/1 a composite number?
True
Let u(q) = 71*q + 46. Suppose 3*f - 4*f + 34 = 3*l, -16 = -f + 3*l. Is u(f) composite?
True
Suppose -37753 = -5*s + 23692. Is s a composite number?
False
Is ((-880833)/(-36) + (-2)/(-3))/(6/24) composite?
True
Suppose 3*o + 8682 = v, -o - 34773 = -4*v + 2*o. Let h = -5211 + v. Suppose 11*i = 5*i + h. Is i composite?
True
Suppose -38*u = -3659838 - 2927500. Is u a prime number?
False
Let j(i) be the first derivative of 16*i**3 + 7*i**2/2 - 94*i - 160. Is j(15) a prime number?
False
Let v(p) = -1178*p**3 + p**2 - 30*p - 22. Is v(-9) prime?
True
Let r = 8579 - 19067. Let t be 7/((-1*1)/((-7)/7)). Is t/(-105)*-3 - r/10 prime?
True
Suppose 3*l = 2*r - 231001, -61*r + 5*l + 462001 = -57*r. Is r composite?
False
Let k = 103259 + -52972. Is k composite?
False
Let s = 3222 - 457. Suppose -s = -5*n + 2*d, 3*d = 3*n - 0*d - 1659. Let x = n + -206. Is x prime?
True
Suppose 0 = -5*m + 117 - 492. Let l = m + 55. Is (-1)/(-1)*l*(-26)/8 prime?
False
Suppose 7*s + 213318 - 910217 = 0. Is s prime?
False
Let f(i) = 3*i**3 - i**2 + i - 4. Let w(k) = 4*k**3 - k**2 + 2*k - 4. Let q(t) = -5*f(t) + 4*w(t). Let x be q(-2). Let g = x - -65. Is g a prime number?
True
Let f(a) = 2*a. Let t be f(-3). Let s be t - (-208)/36 - 2171/(-9). Let y = 344 - s. Is y a composite number?
False
Let h(o) = -4*o. Let p be h(2). Let g be ((-12)/3)/p*-4. Is (-40)/(-22) + g - 40905/(-99) composite?
True
Is (-40)/1980*9 - (-107992314)/66 a composite number?
True
Let h(z) = -609*z**2 - 11*z - 6. Let m be h(-8). Is m/(-20) + 60/200 a composite number?
True
Suppose 3*z - 53 = -47. Let l(p) = 22*p + 19 + 58*p**z - 90*p**2 + 51*p**2. Is l(-18) a prime number?
True
Let p = 92 - 89. Suppose -7*v + 25331 = -2*v + 2*h, -p*h = -5*v + 25316. Is v composite?
True
Suppose -4*f - w = 12975, -5*w = f - 0*w + 3239. Let t = f + 4813. Is t a composite number?
True
Let t(h) = -894*h + 16. Let r be t(-7). Suppose -6*x + r = -11150. Suppose 5*p + x = 7349. Is p composite?
True